 6*y - 9 = 0. Let c = 15 + 12. Suppose 6*k - c = y*k. List the prime factors of k.
3
Let h = -113 - -33. Let u = -43 - h. What are the prime factors of u?
37
Let o(c) = c**3 - c - 2. What are the prime factors of o(3)?
2, 11
Suppose 0 = -4*x + 2*x - 3*b + 96, -x = 5*b - 55. Suppose -a + x = 4*a. What are the prime factors of a?
3
Suppose 6*l - 744 = -0*l. List the prime factors of l.
2, 31
Let q(t) = -t**3 - t**2 + t - 1. Let r be q(0). Let u(m) = -5*m + 7*m - 6*m - 4*m. What are the prime factors of u(r)?
2
Let r(m) = -m**3 + 4*m**2 + 8*m - 6. Let z(v) = -v**3 + 4*v**2 + 2*v - 2. Let q be z(4). Suppose -25 = -q*x + x. What are the prime factors of r(x)?
3
Suppose 4*y = 4*v + 6*y - 50, -30 = -v + 3*y. Suppose -5*q - 3*o = -8*o + 75, -5*o = -q - v. Let d = q + 29. List the prime factors of d.
2, 7
Suppose o - 4 = 2*p - 1, 4*p = 0. List the prime factors of o.
3
Let c be (-15)/6*-2*2. List the prime factors of (1 - 0)*(c - 5).
5
Suppose 0 = -r - 3*r. Suppose 3*u + 5*t - 30 = r, 0 = -u + 5*u + t - 40. List the prime factors of u.
2, 5
Let x = 0 - -3. Let b(m) = 7*m**2 + 11*m - m**x - 11*m + 9. List the prime factors of b(7).
3
Suppose 0 = -0*h - h + 14. Suppose -a - 3*q = -22 - h, -3*q = -3*a + 60. List the prime factors of a.
2, 3
Suppose 0 = z + 5*d + 9 + 4, -4*z = 2*d - 20. What are the prime factors of z?
7
Suppose -3*h = -2*k - 240 - 306, 4*h - 728 = k. List the prime factors of h.
2, 7, 13
Suppose 0 = -3*q - 2*q - z + 64, -2*z - 15 = -q. What are the prime factors of q?
13
Let y(s) = 4. Let b(a) = a - 1. Let l(q) = b(q) + y(q). Suppose 1 - 25 = -4*r. What are the prime factors of l(r)?
3
Let m be 174/(-24) + 2/8. Let i = -9 - -28. Let w = m + i. List the prime factors of w.
2, 3
List the prime factors of 393/(-9)*-2 - (-1)/(-3).
3, 29
Let m(d) = -d**2 + 8*d - 2. Let l be m(6). Let u = -4 + l. Suppose 0 = -x - 1 + u. What are the prime factors of x?
5
Let h = 8 - 10. List the prime factors of ((-8)/(-6))/h*-12.
2
Let u = -67 - -123. List the prime factors of u.
2, 7
Suppose 0 = -5*g - w - 0 + 4, 5*g - 3 = -2*w. Let v be (g/(-2))/((-5)/90). Let b = v + -7. What are the prime factors of b?
2
Suppose 4*i = -2*s + 6, -2*i + 4*s = 5 - 3. Let x be 1/2*(-1 - i). What are the prime factors of 9 + (0 - 1/x)?
2, 5
Let g(j) = 2*j**3 - 2*j**2 + 5*j + 1. List the prime factors of g(4).
3, 13
Let v(n) = -12*n. Let w(b) = -b - 1. Let h(r) = -v(r) + w(r). What are the prime factors of h(1)?
2, 5
Let s = -11 - -15. Suppose -j + 1 = s*u + 6, 2*u = 4*j - 52. List the prime factors of j.
11
Let f(l) = -8*l**2 + 2*l - 2. Let b be f(2). Let v = b + 13. Let g = v + 24. List the prime factors of g.
7
Suppose 0 = 4*q - 2*x + 74, -x = 3*x + 20. Let m = -3 - q. List the prime factors of m.
2, 3
Let x(j) = -j + 3. What are the prime factors of x(-5)?
2
Let x = 5 + 14. Let t = 31 - x. List the prime factors of t.
2, 3
Suppose -q - q + 2 = 0. Let o(u) = u. Let x(p) = 1. Let d(i) = q*o(i) - 2*x(i). What are the prime factors of d(6)?
2
Let j = -352 - -498. What are the prime factors of j?
2, 73
Suppose 3*i = v + 3*v - 11, -2*i = 2*v + 12. What are the prime factors of v - (-13 + 0 + -1)?
13
Suppose 3*m - 6*m - 30 = -3*k, -5*k - 2*m + 71 = 0. Suppose y = -3*y + s - 4, 2*y - 16 = -4*s. What are the prime factors of -1 + k + y + 1?
13
Let h(u) = u**2 - 7*u - 12. Let r be h(9). What are the prime factors of (-3)/1*(-20)/r?
2, 5
Let w = 4 - 1. Suppose w*x - 5 + 2 = -c, -5*c = 2*x - 15. Let g(y) = -y**3 + 3*y**2 + 2*y + 4. List the prime factors of g(c).
2, 5
Let i(h) = h**2 + 4*h - 13. List the prime factors of i(-10).
47
Let w be 2*-2*3/12. Let y be (-2 - (-2 - 1)) + w. Suppose -5*t + y*t = -15. List the prime factors of t.
3
Let i(q) = q**3 - 20*q**2 - 29*q - 58. List the prime factors of i(22).
2, 17
Suppose -5*d + 0*r = 2*r - 77, -3*r + 5 = d. List the prime factors of d.
17
List the prime factors of (-6 + -1)/(2/(-12)).
2, 3, 7
Suppose 4*k = 3*d + 2*d + 74, -4*k = -4*d - 56. Let w be (-6)/(2/2*-1). List the prime factors of 12/d - (-16)/w.
2
Let f = -67 - -101. What are the prime factors of f?
2, 17
Let z = 66 + 1. List the prime factors of z.
67
Let z(t) = -t + 8. Let i be z(-6). What are the prime factors of (i/(-6) - 0)*-6?
2, 7
What are the prime factors of (-21)/(-2*12/56)?
7
Suppose 5*i - 2*i = 6. Suppose g + 5 = i. List the prime factors of g - (19/(-1) + 1).
3, 5
Let w(z) = -2 + 2 - 5 + 4 - 6*z. List the prime factors of w(-1).
5
Let a be 3/4 - (-3)/12. Let c be -2 - a - (-6)/(-1). Let i(j) = -j**3 - 8*j**2 + 7*j - 13. List the prime factors of i(c).
5
List the prime factors of (724/10)/((-1)/(-5)).
2, 181
Let x(q) = -q - 10. Let w be x(-7). Let h be (-13)/w - 1/3. Suppose h*c + 5*b = 12 + 1, c = 2*b + 13. List the prime factors of c.
7
Let c be ((-2)/(-3))/(2/33). Suppose 0 = b - 3*b + 6. Suppose -b*d + 22 = -c. What are the prime factors of d?
11
Let y be 189/39 + (-6)/(-39). What are the prime factors of -2 - (-2 - (y + 1))?
2, 3
Let c(v) = 18*v**2 - 2*v + 1. Let b be c(1). Let o = b + -13. List the prime factors of o.
2
Let z be (-3)/(-18) + 82/12. Let a = z - 3. Suppose 5*w = a*t + w - 24, 6 = t - 4*w. What are the prime factors of t?
2, 3
Suppose 4*l + 9 = 93. Let q = 50 - l. List the prime factors of q.
29
Let c be (235/(-10))/((-2)/4). Let g = c + -33. List the prime factors of g.
2, 7
Let y = 50 - -179. Suppose -5*u + y = -3*q, 0 = -0*u - 5*u - 4*q + 243. What are the prime factors of u?
47
Suppose 0 = -2*a - 0 + 8. Let t = a - 0. List the prime factors of t.
2
Suppose 27 = 2*k - 13. What are the prime factors of k?
2, 5
What are the prime factors of (-4030)/(-143) - (-2)/(-11)?
2, 7
Let a(y) = -y**3 + 6*y**2 - 5*y + 2. Let v be a(5). Let s be 3 - ((-2)/1)/v. Suppose s*d = -0*d + 16. List the prime factors of d.
2
Suppose 5*g + 0*g = -25. Let a(t) = t**3 + t**2. Let n(l) = -3*l**3 - 7*l - 2. Let j(m) = 4*a(m) + n(m). What are the prime factors of j(g)?
2
Let v = 233 + -122. What are the prime factors of v?
3, 37
Suppose 0 = -3*w + 2*w + 30. List the prime factors of w.
2, 3, 5
Let f be 15/(-4) - (-7)/(-28). List the prime factors of ((-2)/f)/(1/4).
2
List the prime factors of ((-30)/50)/(2/(-410)).
3, 41
Let z(r) = 2*r**3 + 6*r**2 - 4*r + 6. Let v(s) = -s**3 + s. Let j(m) = -3*v(m) - z(m). Let h be j(6). Let t(x) = x**3 + 5. What are the prime factors of t(h)?
5
Suppose 3*v + 5*d - 32 = 0, d = -5*v + 57 + 33. What are the prime factors of v?
19
Suppose -3*j - 5*u - 44 = -539, -4*j + 3*u + 631 = 0. What are the prime factors of j?
2, 5
Let t be 4/2 - 2/(-2). Let w(o) = o**2 + 5*o - 7. What are the prime factors of w(t)?
17
Let o(g) = -g + 4. Let f = 2 + 5. Suppose 2*p = f*p. List the prime factors of o(p).
2
Let h(z) = -z**3 - z + 1. Let t(u) = 7*u**3 + 4*u**2 + 8*u - 5. Let j(p) = 6*h(p) + t(p). List the prime factors of j(-3).
2
Suppose 4*l = 3*l + 5. Let s = -2 + l. What are the prime factors of s?
3
Let g(c) = -c**2 + 25*c + 43. What are the prime factors of g(23)?
89
Suppose 7*i - 372 = 97. What are the prime factors of i?
67
Suppose 15 = 3*n, l + 3*n - 115 = -43. Suppose 4*f - l = -1. What are the prime factors of f?
2, 7
Suppose 4*u = -4*x + 116, 2*x + 5*u = 4*x - 23. Let r = x - 11. Let k = -7 + r. List the prime factors of k.
2, 3
Let f(p) = -p**2 - 9*p - 5. Suppose 0*j + 2*t + 32 = -4*j, 5*t - 4 = 4*j. Let s be f(j). Let q = s + -3. What are the prime factors of q?
2, 5
Let j be ((-2 - 0) + 25)/(-1). Let l = -37 + 3. Let q = j - l. List the prime factors of q.
11
Let t(z) = z**3 - z**2 + z + 2. Let n be t(0). Suppose -n*p - 4*k + 8 = 0, -4*p = 2*k - 16 - 0. Suppose 0 = c + p*c - 45. List the prime factors of c.
3
Let i be (-1)/2 + (-2)/4. Let t(x) = 4*x**2 - 1. List the prime factors of t(i).
3
Let o(y) = -y - 4. Let n be o(-9). Suppose n*k = 5*l + 1 - 41, -4*k = -l + 20. List the prime factors of l.
2
Suppose 4*u - 116 = -2*h - u, -5*u = -20. List the prime factors of h.
2, 3
Let x be 1/(-4) + 21/4. List the prime factors of x - -1 - (6 - 6).
2, 3
Let m = 10 + -9. What are the prime factors of m*(0 - (-11 + -2))?
13
Let c(r) = r**3 + 7*r**2 + 7*r + 8. Let u be c(-6). Suppose 7 = u*o + 1. Suppose 0*m + 4*m = o*t + 48, 0 = -3*t + 12. What are the prime factors of m?
3, 5
Suppose 2*m = m + 24. Let w = m + -12. What are the prime factors of w?
